 v = l + 12. What are the prime factors of 33/12 + (-1)/v?
3
Let o(q) = q**3 + 5*q**2 - 7*q + 8. Let x be o(-6). Suppose 2*i - 23 = -4*j + 3, -34 = -5*j - 4*i. Let v = x - j. What are the prime factors of v?
2
Let k = 742 + -501. Suppose -4*s + 951 = -3*x, -x - k - 956 = -5*s. List the prime factors of s.
2, 3, 5
Let s(u) = 21*u + 132. List the prime factors of s(9).
3, 107
What are the prime factors of 46/4*(28 + (2 - -4))?
17, 23
Suppose -5*d + 8 = -4*t, 0 = -d + 3*t + t - 8. Suppose 0 = -4*i + 5*a + 226, 4*i + 59 = -d*a + 267. List the prime factors of i.
2, 3
Let w(z) = 2*z**3 + 10*z**2 + 9. Let r be w(-7). Let k = 332 + r. Suppose 6*i - 373 + k = 0. What are the prime factors of i?
2, 19
Let d(x) = x + 8. Let s be d(-7). What are the prime factors of s/((-11)/(-22)*(-4)/(-134))?
67
Suppose 4*b - 270 = -38. Suppose -2*w = c + 2*c - b, -114 = -4*w - 5*c. Suppose -10*t = -8*t - w. What are the prime factors of t?
13
List the prime factors of (4872/35)/((-8)/(-60)).
2, 3, 29
Let z(a) = -7*a - 3. What are the prime factors of z(-1)?
2
Let t = -190 + 289. Let b = 191 - t. Suppose b = -v + 5*v. List the prime factors of v.
23
Let a(g) = -5*g**3 - 2*g**2 - g. Let u be a(-1). Let d be -20*3/u*-1. Suppose d*i = 14*i + 31. What are the prime factors of i?
31
List the prime factors of (18/8)/((-30)/(-6080)).
2, 3, 19
Let q(p) = 2*p**2 - 33*p - 20. Let k(n) = -n**2 + 17*n + 10. Let h(u) = 5*k(u) + 3*q(u). What are the prime factors of h(16)?
2, 11
Let r = -33 - -18. Let f(k) = -5*k - 15. Let m be f(-8). List the prime factors of (204/r)/((-10)/m).
2, 17
Let q = -818 + 1552. List the prime factors of q.
2, 367
Suppose 2*l - 5*g = -117, -3*g = -6*g - 3. Let v = 99 + l. What are the prime factors of v?
2, 19
Let m = -8 - -5. Let u = 8 + m. Suppose -u*s + 8*s - 60 = 0. List the prime factors of s.
2, 5
Suppose 81 = -13*p + 4*p. Let f(y) = 2*y**2 + 8*y + 25. List the prime factors of f(p).
5, 23
Let k(h) be the second derivative of 13*h**4/3 - h**3/3 - 9*h. List the prime factors of k(1).
2, 5
Let r(t) = -9*t - 30 + 4 - 12*t - 17. List the prime factors of r(-8).
5
Let t(w) be the second derivative of -w**3/6 + w**2 - 3*w. Let j be t(-4). Let k(z) = 6*z - 2. List the prime factors of k(j).
2, 17
Let n = 4240 + -2944. Suppose -10*c = -2*c - n. What are the prime factors of c?
2, 3
Let j(z) = 125*z + 244. List the prime factors of j(10).
2, 3, 83
Let d be (288/(-120))/(34/20 + -2). Suppose 5*z - 11 = -5*g + 4, z - g = -3. Suppose -3*p + 121 + d = z. What are the prime factors of p?
43
Let z(f) = 6*f**3 + 2*f - 1. Let s be z(1). Let g = 24 - s. What are the prime factors of g?
17
Suppose 6*x + 15 = 11*x. Suppose -94 = -w + 2*p + 3*p, x*w - 222 = 3*p. What are the prime factors of w?
3, 23
Suppose -2*o - 1 = -5. Let x be (645/9)/(1/3). List the prime factors of x/(-20)*(-8)/o.
43
Let q be (-1)/2 + (-1)/(-2). Let x be 0/(-1)*(q + -1). Suppose 3*p + 5*h = 72, 0 = 4*p - 3*h - x*h - 96. What are the prime factors of p?
2, 3
Suppose -2*h - 24 = -5*h + 3*s, -5*s = -2*h + 28. Suppose h*z + 40 - 1508 = 0. Suppose 5*y + 3*a = z, -y - a + 2*a = -67. What are the prime factors of y?
71
Let q = -399 - -404. Let h(b) = -b**2 - 5*b + 8. Let y be h(-6). Suppose -i + q*g + 37 = 0, 3*i - y*g = 4*i - 72. List the prime factors of i.
2, 31
Let r = 32 + -29. Let i(x) = 2*x - 4. Let s be i(r). Suppose 5*y - 150 = 5*z, -s*y + 0*z = z - 60. List the prime factors of y.
2, 3, 5
Let o(w) = w - 4. Let q(l) = -2*l + 7. Let t(a) = -8*o(a) - 5*q(a). Let b(m) = -2*m + 2. Let p be b(-2). What are the prime factors of t(p)?
3
Let f = 4 + -8. Let g be (0/(-1))/((-6)/3). What are the prime factors of g/f + (2 - -11)?
13
Suppose 2*z - 36 = 4*p - 110, 0 = -5*p + z + 85. Suppose -b + 9 = -3*y + 65, 0 = -y - 3*b + 22. Let m = y - p. List the prime factors of m.
3
Suppose 2*k - 2 = 2. What are the prime factors of k - (-70 + (0 - 2))?
2, 37
Let s be 20/(-50) + 304/10. Let i be s/25*10/(-4). What are the prime factors of 16 + 4 + (-3)/i?
3, 7
Let b(n) = 3*n**2 - 23*n + 16. Let f be b(7). Suppose k = f*p - 262, 5*p - 490 = k + 165. List the prime factors of p.
131
Let f(s) = 1 - s - 5 + 3 - s**3 + 9*s**2 + 4. List the prime factors of f(8).
59
Let a be (4 - -14)/(2/(-3)). What are the prime factors of 70/(-8)*(19 + a)?
2, 5, 7
Let i(o) = -3*o - 16. Let b be i(-17). Suppose 0 = -3*c + p + b, 6*c - 2*c - 2*p - 48 = 0. List the prime factors of c.
11
What are the prime factors of (-198045)/(-90) - 9/6?
3, 733
Let m(d) = -96*d - 41. List the prime factors of m(-5).
439
Suppose -5*s - 2*m - 28 = -2*s, s - 4*m = 14. What are the prime factors of (3 - (-27)/s)*-16?
2, 3
Suppose 0 = -4*r - 4, 3*r + 0*r = -5*j + 17. Suppose -3*t + 4*t + 11 = c, 3*c - j*t - 35 = 0. List the prime factors of c.
3
Suppose 0 = 5*d - 25, 5*v + 2*d - 16400 = -5385. List the prime factors of v.
31, 71
Suppose -3148*a = -3143*a - 795. What are the prime factors of a?
3, 53
Let h = -2 + 9. What are the prime factors of 13 - -1 - (h + -4)?
11
Suppose -2*j = 2*a + 8, -j + 0*a - 7 = 2*a. What are the prime factors of -4*4/24*(-143 + j)?
2, 3
Suppose 1858 + 5968 = 7*b. List the prime factors of b.
2, 13, 43
Let p(k) = 2*k**3 - 16*k**2 - 4*k + 30. What are the prime factors of p(13)?
2, 3, 139
Let q = 17 - 57. List the prime factors of (-78)/(-8) + (-10)/q.
2, 5
Let p be 0/(-18) - (-3 + 0). Suppose -2*x - k = -185, 2*k - 195 - 80 = -p*x. What are the prime factors of x?
5, 19
Let k(s) = -s. Let i(f) = -11*f**2 - 2*f + 1. Let m(y) = -i(y) + 2*k(y). Let c(j) be the first derivative of m(j). What are the prime factors of c(1)?
2, 11
Suppose k - 7 = -8. Let u(j) = -84*j + 5. List the prime factors of u(k).
89
What are the prime factors of ((-805)/(-21))/((-3)/(-108)*4)?
3, 5, 23
Suppose 1485 = -l - 4*n + 6176, 3*l - n - 14034 = 0. What are the prime factors of l?
4679
Let m be ((-2)/5)/((-3)/5 + 1). List the prime factors of 219/m*(-5 - (-5 + 1)).
3, 73
Let d = -34 - -34. Suppose c - 3 = -d*c. Suppose 6*p - 54 = c*p. What are the prime factors of p?
2, 3
List the prime factors of (2/(-8))/(24/(-59040)).
3, 5, 41
Let v be (9 + 1)*4/10. Suppose -5*p + 5*s = -5, -15 = 5*p - 5*s + v*s. What are the prime factors of (-6)/p*434/21?
31
Let l(c) = c**3 + 5*c**2 - 6*c - 6. Let w be l(-6). Let i = w - -11. Suppose -5*u + 2 = -5*v + 6*v, -4*v + 133 = -i*u. List the prime factors of v.
3
Suppose 0 = -3*s + 6 + 9. Let p = 1 - s. What are the prime factors of (0 - 8)/(p/10)?
2, 5
Let k(a) = a**3 + 9*a**2 - 12*a + 3. Let b be (4/(-1))/2 - 26. Let s = b + 18. What are the prime factors of k(s)?
23
Let u be 45/2 - (-1)/2. Let p = u + 4. What are the prime factors of p?
3
Let d(u) be the third derivative of -17*u**5/120 - u**4/6 + u**3/2 - 6*u**2. Let m(o) be the first derivative of d(o). List the prime factors of m(-2).
2, 3, 5
Suppose -22110 = -5*l + 4*z - 3735, l - 3674 = z. Suppose -17*i + 4*i = -l. What are the prime factors of i?
283
Let n = 42 - 61. Let x = n - -18. Let i = 4 + x. What are the prime factors of i?
3
Let v be (-2 - -2) + 240/(-8). List the prime factors of v/4*(-544)/85.
2, 3
Suppose 3*m + 34*g - 2767 = 36*g, m + g = 929. List the prime factors of m.
5, 37
Suppose 0 = 5*t + 42 - 2. Let r be 50/(-4) + 2/4. Let k = t - r. What are the prime factors of k?
2
Let t(b) = -b**3 + 13*b**2 - 25*b + 3. Let s be t(11). Let h = s + 71. List the prime factors of h.
41
Let y(h) = -97*h - 390. List the prime factors of y(-26).
2, 13, 41
What are the prime factors of (-1158)/9*(-741)/38?
13, 193
Let a(m) be the first derivative of 0 - 2*m**2 - 8 + 3*m**2. List the prime factors of a(6).
2, 3
Let l(z) = 32*z - 55. List the prime factors of l(10).
5, 53
Let p(t) = 4*t**3 + 3*t**2 - 3*t - 46. List the prime factors of p(6).
2, 227
Let c be (-2)/((-3)/6 + 0). Let p(l) = -2*l**2 + 8*l - 9. Let d be p(c). What are the prime factors of (-12)/18 - 24/d?
2
Suppose 1 = -v - 3*m, 0 = 3*v - 2*v - 5*m - 23. Let q(s) = 2*s + 19 - s**2 - v + 7*s. What are the prime factors of q(8)?
19
Let s(o) = -224*o + 202. What are the prime factors of s(-12)?
2, 5, 17
Let q = 61 - -192. What are the prime factors of q?
11, 23
Let o = 2106 - 1139. List the prime factors of o.
967
Let s = 177 + -305. Let i = 32 - s. What are the prime factors of i?
2, 5
Let r(g) = 2*g**2 + g - 4.